
21
What is the remainder when 438488 is divided by 615?
608
What is the remainder when 869 is divided by 166?
39
What is the remainder when 5108 is divided by 21?
5
What is the remainder when 8720 is divided by 1088?
16
What is the remainder when 21664 is divided by 10783?
98
Calculate the remainder when 1821 is divided by 601.
18
Calculate the remainder when 28697 is divided by 140.
137
Calculate the remainder when 7016 is divided by 3459.
98
Calculate the remainder when 88758 is divided by 32.
22
Calculate the remainder when 5228 is divided by 21.
20
What is the remainder when 35299 is divided by 11757?
28
Calculate the remainder when 22675 is divided by 398.
387
Calculate the remainder when 120206 is divided by 82.
76
What is the remainder when 9567 is divided by 164?
55
What is the remainder when 3760 is divided by 46?
34
What is the remainder when 112484 is divided by 252?
92
Calculate the remainder when 727260 is divided by 19.
16
Calculate the remainder when 156696 is divided by 207.
204
What is the remainder when 2155 is divided by 43?
5
Calculate the remainder when 58552 is divided by 4879.
4
What is the remainder when 245473 is divided by 974?
25
Calculate the remainder when 409118 is divided by 204558.
2
What is the remainder when 13646 is divided by 65?
61
Calculate the remainder when 4973 is divided by 438.
155
Calculate the remainder when 11987 is divided by 1089.
8
Calculate the remainder when 74985 is divided by 1291.
107
What is the remainder when 978 is divided by 951?
27
What is the remainder when 5825 is divided by 277?
8
What is the remainder when 8171 is divided by 1701?
1367
What is the remainder when 48688 is divided by 683?
195
Calculate the remainder when 275634 is divided by 163.
1
What is the remainder when 3222 is divided by 1041?
99
What is the remainder when 3070 is divided by 24?
22
Calculate the remainder when 4737 is divided by 778.
69
Calculate the remainder when 3619 is divided by 975.
694
What is the remainder when 96219 is divided by 3563?
18
Calculate the remainder when 162 is divided by 2.
0
What is the remainder when 158020 is divided by 1534?
18
Calculate the remainder when 32007 is divided by 617.
540
Calculate the remainder when 15819 is divided by 124.
71
What is the remainder when 31592 is divided by 10445?
257
Calculate the remainder when 12551 is divided by 2193.
1586
Calculate the remainder when 1054436 is divided by 39.
32
Calculate the remainder when 2591 is divided by 920.
751
Calculate the remainder when 16887 is divided by 11.
2
What is the remainder when 30064 is divided by 769?
73
What is the remainder when 47302 is divided by 15764?
10
Calculate the remainder when 116474 is divided by 37.
35
Calculate the remainder when 12020 is divided by 88.
52
What is the remainder when 2561 is divided by 505?
36
Calculate the remainder when 2150 is divided by 370.
300
What is the remainder when 14291 is divided by 34?
11
What is the remainder when 11643 is divided by 2327?
8
What is the remainder when 80209 is divided by 429?
415
What is the remainder when 156001 is divided by 155989?
12
Calculate the remainder when 10282 is divided by 5121.
40
Calculate the remainder when 282299 is divided by 361.
358
Calculate the remainder when 14429 is divided by 780.
389
What is the remainder when 155607 is divided by 210?
207
What is the remainder when 3133 is divided by 303?
103
What is the remainder when 28086 is divided by 7?
2
What is the remainder when 317 is divided by 11?
9
What is the remainder when 493698 is divided by 24?
18
What is the remainder when 41603 is divided by 344?
323
What is the remainder when 542 is divided by 91?
87
What is the remainder when 30419 is divided by 65?
64
Calculate the remainder when 45906 is divided by 129.
111
Calculate the remainder when 1992 is divided by 480.
72
What is the remainder when 4106 is divided by 11?
3
Calculate the remainder when 18043 is divided by 16.
11
What is the remainder when 2496 is divided by 620?
16
What is the remainder when 10416 is divided by 151?
148
What is the remainder when 2691 is divided by 49?
45
What is the remainder when 958155 is divided by 38?
23
What is the remainder when 4916 is divided by 47?
28
What is the remainder when 28441 is divided by 13?
10
What is the remainder when 8824 is divided by 99?
13
What is the remainder when 2396 is divided by 436?
216
Calculate the remainder when 781 is divided by 284.
213
Calculate the remainder when 64072 is divided by 154.
8
What is the remainder when 53757 is divided by 224?
221
Calculate the remainder when 244558 is divided by 61132.
30
What is the remainder when 1253697 is divided by 417897?
6
What is the remainder when 715893 is divided by 122?
119
What is the remainder when 328 is divided by 153?
22
Calculate the remainder when 93162 is divided by 293.
281
Calculate the remainder when 3880 is divided by 113.
38
Calculate the remainder when 46725 is divided by 59.
56
Calculate the remainder when 28485 is divided by 49.
16
What is the remainder when 201158 is divided by 651?
650
Calculate the remainder when 34759 is divided by 55.
54
What is the remainder when 27016 is divided by 79?
77
Calculate the remainder when 76016 is divided by 6334.
8
What is the remainder when 11506 is divided by 958?
10
Calculate the remainder when 19402 is divided by 63.
61
Calculate the remainder when 2218720 is divided by 739572.
4
Calculate the remainder when 173251 is divided by 9118.
9
What is the remainder when 388 is divided by 83?
56
What is the remainder when 195269 is divided by 318?
17
Calculate the remainder when 353657 is divided by 231.
227
Calculate the remainder when 500557 is divided by 84.
1
What is the remainder when 2696624 is divided by 85?
84
What is the remainder when 922370 is divided by 1267?
1261
What is the remainder when 5953 is divided by 132?
13
Calculate the remainder when 121 is divided by 25.
21
Calculate the remainder when 57058 is divided by 1186.
130
What is the remainder when 1408701 is divided by 1518?
1515
What is the remainder when 42825 is divided by 595?
580
Calculate the remainder when 37979 is divided by 211.
210
Calculate the remainder when 37034 is divided by 8.
2
Calculate the remainder when 5006 is divided by 4989.
17
What is the remainder when 51543 is divided by 95?
53
Calculate the remainder when 499 is divided by 2.
1
What is the remainder when 4592213 is divided by 124?
121
Calculate the remainder when 61206 is divided by 143.
2
Calculate the remainder when 19145 is divided by 6365.
50
Calculate the remainder when 13205 is divided by 941.
31
What is the remainder when 5352 is divided by 101?
100
Calculate the remainder when 389063 is divided by 232.
231
What is the remainder when 12200 is divided by 47?
27
Calculate the remainder when 1108505 is divided by 1283.
1276
Calculate the remainder when 18353 is divided by 9176.
1
What is the remainder when 2090 is divided by 2078?
12
Calculate the remainder when 3973 is divided by 777.
88
What is the remainder when 801002 is divided by 26700?
2
What is the remainder when 21406 is divided by 1?
0
Calculate the remainder when 2371 is divided by 628.
487
What is the remainder when 11387 is divided by 5604?
179
What is the remainder when 75795 is divided by 251?
244
Calculate the remainder when 537419 is divided by 689.
688
Calculate the remainder when 16191 is divided by 2662.
219
What is the remainder when 5353 is divided by 1153?
741
Calculate the remainder when 1882 is divided by 91.
62
Calculate the remainder when 89535 is divided by 973.
19
Calculate the remainder when 792 is divided by 280.
232
Calculate the remainder when 16222 is divided by 25.
22
Calculate the remainder when 1386 is divided by 78.
60
What is the remainder when 6649 is divided by 9?
7
Calculate the remainder when 93325 is divided by 31104.
13
What is the remainder when 2760 is divided by 160?
40
What is the remainder when 44862 is divided by 754?
376
Calculate the remainder when 23508 is divided by 17.
14
What is the remainder when 2035085 is divided by 1003?
1001
What is the remainder when 22007 is divided by 5500?
7
Calculate the remainder when 16829 is divided by 55.
54
Calculate the remainder when 2839 is divided by 899.
142
What is 